Suppose 0 = -4*x + 114 + 174. Let a(g) = -13 + 39 + 11 + 3*g + 11*g + 20. Calculate the remainder when x is divided by a(-3).
12
Let b(g) = -43*g + 123. Let j be b(-9). Let i = j + -496. What is the remainder when 63 is divided by i?
7
Suppose 2*q - 69 - 11 = 0. Suppose -q = -7*z + 5*z. What is the remainder when 95 is divided by 158/5 + (68/z - 3)?
31
Let o = -12 + 20. Suppose -12*z - 92 = -17*z + 4*f, 5*f - 49 = -4*z. Calculate the remainder when o is divided by z/40 - ((-54)/15 - -2).
0
Let l(q) = -2*q**2 + 79*q - 598. What is the remainder when 167 is divided by l(24)?
21
Let d(i) = i**3 - 6*i**2 - 16*i + 3. Let a be d(8). Suppose -b - 4*c = -35, b = 6*b + a*c - 90. What is the remainder when 58 is divided by b?
13
Let r be 2/6*6*71. Suppose -2*i + 86 = 5*g, 4*i - g = 4*g + r. Calculate the remainder when i is divided by 5 - ((-2)/(-16) + 164/(-32)).
8
Calculate the remainder when ((-767)/(-3) - -9)*(-6)/(-4) is divided by 46.
29
Suppose 0 = -4*b + b + 222. Suppose 3*o - 5*t - b = 83, 0 = 5*o + 2*t - 241. Calculate the remainder when 93 is divided by o.
44
Suppose 1844 = 4*h + 13*f - 12*f, 0 = 4*h - f - 1836. Calculate the remainder when h is divided by 2.
0
Let p(v) = -3*v**2 - 160*v - 398. Calculate the remainder when p(-43) is divided by 53.
34
Suppose -2*i - 1 + 19 + 22 = 0. Let m(k) = 3*k**2 - 2*k - 1. Calculate the remainder when i is divided by m(-1).
0
Let o = -84 + 169. Let d be o/20 - (-5)/(-20). Suppose -d*q + 31 = -1. Calculate the remainder when 12 is divided by q.
4
Let n(d) = -112*d - 1651. Calculate the remainder when 3881 is divided by n(-15).
24
Let x(c) = 12*c**2 + 5*c - 7. What is the remainder when 1066 is divided by x(2)?
46
Calculate the remainder when -6 - ((-3)/(-1) + -109) is divided by 28.
16
Let l = 367 + -145. Suppose 40 = 5*m - t, 0*m - 5*t = -m - 16. What is the remainder when l is divided by m?
6
Suppose s = 3*c - 7294, -2*s = 2*c - 3431 - 1445. Calculate the remainder when c is divided by 28.
25
Suppose 6*h - 7074 + 144 = 0. Suppose -h*r + 1154*r = -37. What is the remainder when r is divided by 1/(1/(-1))*-22?
15
Suppose -4*h + 71 = 5*k, 4*k + h - 31 = 28. Suppose -3*a + 105 + 174 = 0. Suppose -a = 3*u - 123. Calculate the remainder when k is divided by u.
5
Let d(v) = 455*v - 132. What is the remainder when d(2) is divided by 23?
19
Calculate the remainder when (-396)/1782 + (-4029)/(-27) is divided by 93.
56
Suppose 197 + 238 = -5*v. Let i be (-5 - (-21)/7) + 2*-15. Let h = i - v. What is the remainder when h is divided by 29?
26
Let y(d) = 10*d**2 + 2*d + 1. Let c(l) = -45*l**2 + 282*l - 45. What is the remainder when y(3) is divided by c(6)?
16
Suppose -4705 = -105*x + 1175. What is the remainder when 223 is divided by x?
55
Suppose 4*h + m - 460 = 0, 39*h = 41*h - 2*m - 220. Calculate the remainder when 125 is divided by h.
11
Let i(j) = 5*j**3 + 295*j**2 - j - 25. What is the remainder when i(-59) is divided by 10?
4
What is the remainder when 265 is divided by (-726)/44*(2 + -6)?
1
Let w(n) = 2*n**2 + 11*n - 13. Let j be w(1). Suppose j*o - 22 = -2*o. What is the remainder when 41 is divided by o?
8
Let b = -10723 - -11261. What is the remainder when b is divided by 179?
1
Suppose 0 = -2*a + a + 9. Let o = 53 - a. Calculate the remainder when o is divided by (249/2241)/(2/216).
8
Let o = 19 - 19. Suppose 4*q - 10 = -5*z, -2*z + 3*q = -o*q - 4. Suppose z = 2*m - 0*m. What is the remainder when 3 is divided by m?
0
Let m be (-1*(-1 - -1))/(-1). Let c(d) = -d**2 + d + 12. Suppose 1978 = -7*a + 18*a + 32*a. Calculate the remainder when a is divided by c(m).
10
Calculate the remainder when 75 - -9 - 4/(12/(-3)) is divided by 76.
9
Suppose 806 - 3171 = -215*w. Calculate the remainder when 3801 is divided by w.
6
Let m be (-4 + 0)/(12/(-519)). Suppose 0 = -m*z + 168*z + 60. What is the remainder when 17 is divided by z?
5
Let z = -586 + 645. Suppose -z*c - 711 = -62*c. Calculate the remainder when c is divided by 34/(-3)*(-4 + 1).
33
Let t = 33 + -16. Calculate the remainder when t is divided by 1*40/24*3.
2
Let v = -4006 - -4029. What is the remainder when 5839 is divided by v?
20
Let v be 9 + (1 - 2/2). Let y(w) = -w**2 + 13*w + 4. Let s = -6645 + 6666. What is the remainder when y(v) is divided by s?
19
Suppose -12*k = 4*k - 2213 + 1701. Calculate the remainder when 3803 is divided by k.
27
Let r(v) = -12*v - 131. Suppose 2*a - 2*m + 24 = 0, 4*a + 5*m + 84 = -0*m. Calculate the remainder when r(a) is divided by 9.
7
What is the remainder when 482 is divided by 8 - -1*15*(-31 + (-1910)/(-50))?
18
Suppose 0 = -9*q + 71*q - 372. Suppose -3*b + 9 = 0, -4*s - q*b + 194 = -4*b. Let a = 16 + -4. Calculate the remainder when s is divided by a.
11
Suppose 366*s + 7360 = 406*s. What is the remainder when 3307 is divided by s?
179
Let b = -12496 + 12596. Calculate the remainder when b is divided by 22.
12
Suppose -8 = 4*v, c - 5*c + 78 = -3*v. Suppose 1212 = c*n + 204. What is the remainder when 162 is divided by n?
50
Suppose r = 27*h - 25*h + 8630, -3*h - 17269 = -2*r. What is the remainder when r is divided by 346?
344
Let g = -423 + 439. Suppose 39*a - 736 = g*a. Calculate the remainder when 126 is divided by a.
30
Let z = 46 + 18. Suppose 0 = -3*t - t + z. Suppose -b = -5*r - 6*b + 290, 4*r - b = 247. Calculate the remainder when r is divided by t.
13
Suppose -26 - 19 = 5*h. Let z = h + 13. Suppose 0 = z*u + 1 - 57. What is the remainder when u is divided by 8?
6
Let f(p) = 4*p**3 - p**2 - 3*p + 10. Let c be f(3). Suppose 12*z - c = 8*z. What is the remainder when 149 is divided by z?
24
Suppose 3*n - 2*w = 106, -w = -194*n + 198*n - 134. Calculate the remainder when 440 is divided by n.
32
Let u be 30*(1/((-3)/6))/(-2). Suppose -u = a - 42. Calculate the remainder when 12 is divided by 8 + 4/((-16)/a).
2
Let l = 10 + -8. Suppose l*m - 20 = m. What is the remainder when 88 is divided by m?
8
Suppose 232*c + 19149 = 355*c - 19596. What is the remainder when 1926 is divided by c?
36
Let s(r) = -10*r**2 + 474*r - 128. What is the remainder when 347 is divided by s(47)?
47
Let d = 27484 - 27288. What is the remainder when 393 is divided by d?
1
Suppose -1013 - 12598 = -419*n + 3568. Let j(r) = -14*r**3 - 2*r**2 - r + 3. Calculate the remainder when j(-3) is divided by n.
38
What is the remainder when ((-10604)/(-110))/((18/20)/9) is divided by 5?
4
Let y(t) = -3*t**2 - 18*t - 14. Let f = 88 + 52. What is the remainder when f is divided by y(-3)?
10
Suppose -2*y = -14, 24*w + 436 = 29*w + 3*y. What is the remainder when w is divided by 18?
11
Let k = 329 + -326. Calculate the remainder when (-4 - (-70)/4)*2 is divided by k.
0
Suppose -q + 98 - 398 = -3*v, 0 = -4*q. What is the remainder when 7198 is divided by v?
98
Suppose 0 = 5*j + 5*w - 1193 + 638, 0 = -5*j + 3*w + 523. What is the remainder when 229 is divided by j?
15
Suppose -3*z = -5*i + 85, 4*z - 102 = -3*i - 22. Suppose -i*a + 288 = -14*a. Calculate the remainder when 13 is divided by 1/2*(-7)/((-21)/a).
5
Let b(q) be the second derivative of -q**3/6 + 7*q**2 + 8*q. Suppose -3*z = -z + 5*h + 17, 0 = 5*z - 4*h + 26. What is the remainder when 60 is divided by b(z)?
0
Let i(j) = 8*j**2 - 21*j + 13*j + 0*j**3 + j**3 + 21. Let p = 173 + -182. What is the remainder when 19 is divided by i(p)?
7
Let k(m) = -34*m - 25. Let t(r) = 17*r + 12. Let x(f) = -6*k(f) - 11*t(f). Let l be x(9). Suppose -l = -2*c - c. What is the remainder when c is divided by 12?
9
What is the remainder when 611 is divided by 24/(-15) + 29643/205?
39
Let z(c) = c**2 - c + 33. Suppose 0 = -13*o + 12*o + 27. Let x = o - 27. Calculate the remainder when 130 is divided by z(x).
31
Let q(a) = a**3 - 24*a**2 - 26*a + 51. Let o be q(25). Let u = o - 14. Calculate the remainder when u is divided by 11.
1
Let d = -25 - -41. Calculate the remainder when (2 + 2)*32 + 66/(-22) is divided by d.
13
Let q = 85 + -257. Calculate the remainder when (q/(-3))/(112/84) is divided by 16.
11
Let h = 34518 - 34189. Calculate the remainder when h is divided by 163.
3
Let j(t) = 43 + 14 - 30*t + 49. Calculate the remainder when 35 is divided by j(3).
3
Let s be (-4)/38 + 8651/779. Suppose a + 9*q - s*q = 176, 3*q + 694 = 4*a. Calculate the remainder when a is divided by 29.
27
Let i = -263 - -268. Let v = 42